60.
2, 5, 31, 67, 19427
What are the prime factors of 2049618251?
23, 89113837
List the prime factors of 54949626.
2, 3, 3052757
What are the prime factors of 693055096?
2, 19, 31, 147083
What are the prime factors of 55477977?
3, 18492659
List the prime factors of 41687966.
2, 47, 443489
What are the prime factors of 313698639?
3, 9649, 10837
List the prime factors of 53664225.
3, 5, 715523
What are the prime factors of 263307008?
2, 29, 1223
What are the prime factors of 4058985903?
3, 7, 19, 43, 33797
List the prime factors of 52856342.
2, 7, 11, 151, 2273
What are the prime factors of 780136599?
3, 11, 19, 839, 1483
List the prime factors of 11690918.
2, 5845459
What are the prime factors of 1060532106?
2, 3, 176755351
List the prime factors of 61655439.
3, 311, 66083
What are the prime factors of 2935822?
2, 1467911
What are the prime factors of 346854650?
2, 5, 37, 433
List the prime factors of 710019607.
11, 19, 131, 25933
List the prime factors of 321807706.
2, 11, 14627623
List the prime factors of 41683048.
2, 11, 17, 149
What are the prime factors of 1068454851?
3, 719, 495343
List the prime factors of 2014504067.
2014504067
What are the prime factors of 1043405820?
2, 3, 5, 557, 3469
What are the prime factors of 59345408?
2, 31, 3739
What are the prime factors of 566036180?
2, 5, 28301809
List the prime factors of 86451959.
11, 714479
List the prime factors of 208769659.
7, 29824237
List the prime factors of 116124822.
2, 3, 11, 31, 18919
List the prime factors of 857711323.
7, 122530189
List the prime factors of 46596464.
2, 317, 9187
List the prime factors of 127967059.
11, 1057579
List the prime factors of 1421590172.
2, 37, 113, 167, 509
What are the prime factors of 2113854694?
2, 7, 150989621
List the prime factors of 53762552.
2, 19, 577, 613
What are the prime factors of 4318002853?
43, 137, 227, 3229
What are the prime factors of 19608803?
17, 1153459
List the prime factors of 958627580.
2, 5, 23, 2083973
List the prime factors of 3595153549.
13, 83, 3331931
What are the prime factors of 157501355?
5, 11, 19, 23, 6553
What are the prime factors of 28017728?
2, 317, 1381
List the prime factors of 1822186037.
7, 6857, 37963
List the prime factors of 230131811.
7, 13, 41, 61681
List the prime factors of 37780972.
2, 227, 41609
List the prime factors of 819243625.
5, 6553949
What are the prime factors of 4498901885?
5, 899780377
What are the prime factors of 1619613420?
2, 3, 5, 47, 353, 1627
List the prime factors of 5604749913.
3, 7, 266892853
List the prime factors of 89902295.
5, 7, 193, 13309
What are the prime factors of 76134183?
3, 25378061
What are the prime factors of 43228382?
2, 17, 19, 61, 1097
List the prime factors of 3369810175.
5, 79, 1706233
What are the prime factors of 7101017?
7, 11, 92221
List the prime factors of 77467568.
2, 157, 30839
What are the prime factors of 37484463?
3, 12494821
List the prime factors of 104063313.
3, 34687771
What are the prime factors of 32430064?
2, 53, 167, 229
What are the prime factors of 27117238?
2, 53, 109, 2347
List the prime factors of 257495579.
11, 31, 61, 12379
List the prime factors of 26185984.
2, 11, 17, 547
List the prime factors of 594333745.
5, 41, 43, 191, 353
List the prime factors of 57641178.
2, 3, 7, 173, 7933
What are the prime factors of 256932310?
2, 5, 23, 43, 83, 313
What are the prime factors of 41154190?
2, 5, 7, 11, 19, 29, 97
What are the prime factors of 1529205812?
2, 382301453
What are the prime factors of 1285077637?
41, 1783, 17579
List the prime factors of 28697070.
2, 3, 5, 956569
What are the prime factors of 38643562?
2, 19321781
List the prime factors of 36004388.
2, 7, 1285871
List the prime factors of 643166042.
2, 37, 8691433
List the prime factors of 10024651.
7, 13, 110161
What are the prime factors of 127195565?
5, 7, 73, 49783
What are the prime factors of 3715488216?
2, 3, 11, 67, 70019
What are the prime factors of 1019411962?
2, 4021, 126761
What are the prime factors of 71418799?
181, 394579
What are the prime factors of 82562274?
2, 3, 41, 89, 419
List the prime factors of 1643126108.
2, 13, 31, 149, 6841
What are the prime factors of 30826558?
2, 7, 2201897
List the prime factors of 132926605.
5, 7, 31, 101, 1213
List the prime factors of 79247547.
3, 41, 214763
What are the prime factors of 5478587094?
2, 3, 913097849
What are the prime factors of 1181254031?
281, 307, 13693
What are the prime factors of 209936596?
2, 197, 266417
What are the prime factors of 36900016?
2, 59, 39089
List the prime factors of 600887937.
3, 13, 97, 193, 823
List the prime factors of 679685876.
2, 29, 103, 163, 349
List the prime factors of 121628374.
2, 7, 103, 84347
List the prime factors of 46255718.
2, 857, 26987
List the prime factors of 1837595219.
5237, 350887
List the prime factors of 60391803.
3, 17, 401, 2953
What are the prime factors of 312485060?
2, 5, 15624253
What are the prime factors of 806837609?
806837609
What are the prime factors of 18142990?
2, 5, 43, 42193
What are the prime factors of 79781148?
2, 3, 2216143
List the prime factors of 342777188.
2, 13, 17, 23, 733
List the prime factors of 165302844.
2, 3, 7, 1967891
List the prime factors of 1624496.
2, 101531
What are the prime factors of 9288991982?
2, 4644495991
List the prime factors of 193109334.
2, 3, 11, 23, 5531
What are the prime factors of 8746140?
2, 3, 5, 13, 11213
List the prime factors of 359391522.
2, 3, 7, 8556941
What are the prime factors of 80521116?
2, 3, 13, 516161
What are the prime factors of 1177268913?
3, 53, 2468069
List the prime factors of 60853241.
97, 627353
What are the prime factors of 950993676?
2, 3, 43, 47, 4357
List the prime factors of 4208282243.
11, 382571113
What are the prime factors of 52434689?
52434689
What are the prime factors of 3073920667?
163, 347, 54347
List the prime factors of 1750076787.
3, 11047, 52807
List the prime factors of 430202840.
2, 5, 751, 14321
List the prime factors of 28887648.
2, 3, 61, 4933
What are the prime factors of 40675582?
2, 20337791
List the prime factors of 1279535666.
2, 79, 257, 31511
List the prime factors of 596690245.
5, 2441, 48889
List the prime factors of 637425012.
2, 3, 7, 7588393
List the prime factors of 4668795083.
19, 31, 7926647
List the prime factors of 1631073331.
37, 439, 100417
List the prime factors of 561323041.
37, 677, 22409
List the prime factors of 43565805.
3, 5, 743, 1303
What are the prime factors of 603989607?
3, 13, 1191301
What are the prime factors of 14835279?
3, 73, 67741
What are the prime factors of 6839444873?
3019, 2265467
List the prime factors of 1832852097.
3, 67883411
What are the prime factors of 482778394?
2, 7, 179, 383, 503
What are the prime factors of 52996237?
7, 53, 211, 677
What are the prime factors of 3203041272?
2, 3, 23, 31, 187181
List the prime factors of 10134444.
2, 3, 23, 73, 503
List the prime factors of 10543394.
2, 1597, 3301
What are the prime factors of 7717990306?
2, 13, 41, 223, 32467
List the prime factors of 1997877944.
2, 17, 14690279
List the prime factors of 160818903.
3, 7, 223, 11447
List the prime factors of 6424589616.
2, 3, 53, 2525389
List the prime factors of 754092660.
2, 3, 5, 12568211
What are the prime factors of 2148359201?
97, 907, 24419
What are the prime factors of 169624644?
2, 3, 7, 1069, 1889
List the prime factors of 360860118.
2, 3, 60143353
What are the prime factors of 73627445?
5, 14725489
List the prime factors of 331118563.
331118563
What are the prime factors of 541904423?
541904423
List the prime factors of 1188344670.
2, 3, 5, 39611489
List the prime factors of 106745864.
2, 13343233
What are the prime factors of 30598433?
30598433
What are the prime factors of 473968285?
5, 7, 13541951
What are the prime factors of 146121705?
3, 5, 1082383
List the prime factors of 108422457.
3, 11, 13, 19441
List the prime factors of 189380595.
3, 5, 17, 677, 1097
List the prime factors of 229460476.
2, 7, 8195017
List the prime factors of 358614421.
11, 32601311
List the prime factors of 34744877.
34744877
What are the prime factors of 705133461?
3, 9257, 25391
List the prime factors of 164014990.
2, 5, 16401499
What are the prime factors of 23981721?
3, 7993907
List the prime factors of 52792310.
2, 